1045?
5, 11, 19
List the prime factors of 2947.
7, 421
List the prime factors of 188268.
2, 3, 29, 541
List the prime factors of 61661.
197, 313
List the prime factors of 1284.
2, 3, 107
What are the prime factors of 8700?
2, 3, 5, 29
What are the prime factors of 4216?
2, 17, 31
What are the prime factors of 43773?
3, 14591
What are the prime factors of 234?
2, 3, 13
What are the prime factors of 464?
2, 29
What are the prime factors of 50324?
2, 23, 547
List the prime factors of 5322.
2, 3, 887
What are the prime factors of 18990?
2, 3, 5, 211
List the prime factors of 148.
2, 37
List the prime factors of 26585.
5, 13, 409
What are the prime factors of 1864?
2, 233
What are the prime factors of 40035?
3, 5, 17, 157
What are the prime factors of 90869?
89, 1021
List the prime factors of 92042.
2, 46021
What are the prime factors of 3168?
2, 3, 11
List the prime factors of 1915.
5, 383
What are the prime factors of 1401?
3, 467
List the prime factors of 29729.
7, 31, 137
List the prime factors of 4761.
3, 23
What are the prime factors of 4787?
4787
What are the prime factors of 431?
431
What are the prime factors of 4220?
2, 5, 211
What are the prime factors of 10135?
5, 2027
What are the prime factors of 967?
967
What are the prime factors of 4609?
11, 419
List the prime factors of 21147.
3, 7, 19, 53
What are the prime factors of 72962?
2, 191
What are the prime factors of 44180?
2, 5, 47
List the prime factors of 21229.
13, 23, 71
List the prime factors of 37653.
3, 7, 11, 163
What are the prime factors of 1401?
3, 467
What are the prime factors of 6449?
6449
List the prime factors of 5606.
2, 2803
List the prime factors of 9807.
3, 7, 467
What are the prime factors of 595?
5, 7, 17
List the prime factors of 26843.
17, 1579
What are the prime factors of 10424?
2, 1303
What are the prime factors of 6556?
2, 11, 149
What are the prime factors of 151?
151
What are the prime factors of 10997?
7, 1571
What are the prime factors of 767?
13, 59
What are the prime factors of 1582?
2, 7, 113
List the prime factors of 1038.
2, 3, 173
What are the prime factors of 99318?
2, 3, 16553
List the prime factors of 1256.
2, 157
What are the prime factors of 15769?
13, 1213
List the prime factors of 4247.
31, 137
List the prime factors of 11609.
13, 19, 47
What are the prime factors of 54998?
2, 107, 257
What are the prime factors of 11142?
2, 3, 619
List the prime factors of 2587.
13, 199
List the prime factors of 270.
2, 3, 5
List the prime factors of 19609.
19609
What are the prime factors of 9216?
2, 3
List the prime factors of 20635.
5, 4127
List the prime factors of 45984.
2, 3, 479
List the prime factors of 28719.
3, 3191
What are the prime factors of 53018?
2, 7, 541
What are the prime factors of 19313?
7, 31, 89
List the prime factors of 13786.
2, 61, 113
What are the prime factors of 284?
2, 71
List the prime factors of 2153.
2153
What are the prime factors of 105102?
2, 3, 5839
What are the prime factors of 154760?
2, 5, 53, 73
What are the prime factors of 20047?
20047
What are the prime factors of 32031?
3, 3559
What are the prime factors of 35411?
17, 2083
List the prime factors of 19430.
2, 5, 29, 67
What are the prime factors of 37733?
97, 389
What are the prime factors of 9481?
19, 499
List the prime factors of 19447.
19447
What are the prime factors of 95480?
2, 5, 7, 11, 31
What are the prime factors of 18105?
3, 5, 17, 71
List the prime factors of 218.
2, 109
List the prime factors of 8690.
2, 5, 11, 79
List the prime factors of 26818.
2, 11, 23, 53
List the prime factors of 4550.
2, 5, 7, 13
List the prime factors of 3377.
11, 307
List the prime factors of 3922.
2, 37, 53
What are the prime factors of 1899?
3, 211
What are the prime factors of 18162?
2, 3, 1009
List the prime factors of 1644.
2, 3, 137
List the prime factors of 400.
2, 5
List the prime factors of 1271.
31, 41
What are the prime factors of 315?
3, 5, 7
What are the prime factors of 34758?
2, 3, 1931
What are the prime factors of 18?
2, 3
List the prime factors of 1182.
2, 3, 197
List the prime factors of 33258.
2, 3, 23, 241
List the prime factors of 38095.
5, 19, 401
List the prime factors of 37440.
2, 3, 5, 13
List the prime factors of 97888.
2, 7, 19, 23
What are the prime factors of 10834?
2, 5417
What are the prime factors of 32037?
3, 59, 181
What are the prime factors of 1620?
2, 3, 5
List the prime factors of 1252.
2, 313
What are the prime factors of 35681?
31, 1151
What are the prime factors of 14667?
3, 4889
List the prime factors of 5916.
2, 3, 17, 29
What are the prime factors of 7781?
31, 251
What are the prime factors of 298?
2, 149
What are the prime factors of 1370?
2, 5, 137
List the prime factors of 121.
11
What are the prime factors of 3401?
19, 179
List the prime factors of 9932.
2, 13, 191
What are the prime factors of 2480?
2, 5, 31
What are the prime factors of 2643?
3, 881
List the prime factors of 2301.
3, 13, 59
List the prime factors of 1686.
2, 3, 281
List the prime factors of 3692.
2, 13, 71
What are the prime factors of 33614?
2, 7
List the prime factors of 136.
2, 17
List the prime factors of 71607.
3, 23869
What are the prime factors of 4592?
2, 7, 41
What are the prime factors of 13329?
3, 1481
List the prime factors of 99466.
2, 41, 1213
What are the prime factors of 1106?
2, 7, 79
What are the prime factors of 18347?
7, 2621
List the prime factors of 101458.
2, 7, 7247
List the prime factors of 4827.
3, 1609
What are the prime factors of 873?
3, 97
List the prime factors of 8027.
23, 349
What are the prime factors of 15210?
2, 3, 5, 13
List the prime factors of 1829.
31, 59
What are the prime factors of 5608?
2, 701
List the prime factors of 145710.
2, 3, 5, 1619
List the prime factors of 1246.
2, 7, 89
List the prime factors of 27391.
7, 13, 43
What are the prime factors of 10575?
3, 5, 47
What are the prime factors of 6814?
2, 3407
List the prime factors of 1872.
2, 3, 13
What are the prime factors of 943?
23, 41
List the prime factors of 4660.
2, 5, 233
What are the prime factors of 64001?
7, 41, 223
What are the prime factors of 10110?
2, 3, 5, 337
What are the prime factors of 5481?
3, 7, 29
List the prime factors of 1193.
1193
List the prime factors of 1116.
2, 3, 31
What are the prime factors of 2762?
2, 1381
What are the prime factors of 9058?
2, 7, 647
What are the prime factors of 26548?
2, 6637
What are the prime factors of 6853?
7, 11, 89
List the prime factors of 1814.
2, 907
List the prime factors of 77540.
2, 5, 3877
List the prime factors of 119933.
11, 10903
List the prime factors of 2812.
2, 19, 37
What are the prime factors of 478?
2, 239
What are the prime factors of 923?
13, 71
List the prime factors of 31755.
3, 5, 29, 73
What are the prime factors of 792?
2, 3, 11
What are the prime factors of 20798?
2, 10399
What are the prime factors of 3311?
7, 11, 43
List the prime factors of 3667.
19, 193
What are the prime factors of 282?
2, 3, 47
List the prime factors of 234.
2, 3, 13
List the prime factors of 24254.
2, 67, 181
What are the prime factors of 69082?
2, 13, 2657
List the prime factors of 2553.
3, 23, 37
What are the prime factors of 2543?
2543
What are the prime factors of 75673?
13, 5821
List the prime factors of 5340.
2, 3, 5, 89
List the prime factors of 112.
2, 7
What are the prime factors of 13051?
31, 421
List the prime factors of 56524.
2, 13, 1087
List the prime factors of 21923.
11, 1993
What are the prime factors of 2837?
2837
List the prime factors of 16745.
5, 17, 197
What are the prime factors of 8635?
5, 11, 157
List the prime factors of 9490.
2, 5, 13, 73
What are the prime factors of 12323?
12323
What are the prime factors of 15676?
2, 3919
List the prime factors of 13893.
3, 11, 421
List the prime factors of 4224.
2, 3, 11
List the prime factors of 10121.
29, 349
List the prime factors of 403.
13, 31
What are the prime factors of 46581?
3, 15527
What are the prime factors of 32107?
97, 331
What are the prime factors of 1252?
2, 313
What are the prime factors of 961?
31
What are the prime factors of 754?
2, 13, 29
What are the prime factors of 4956?
2, 3, 7, 59
What are the prime factors of 3416?
2, 7, 61
What are the prime factors of 8097?
3, 2699
What are the prime factors of 2290?
2, 5,